3, 5, 7, 743
List the prime factors of 1554.
2, 3, 7, 37
What are the prime factors of 5076?
2, 3, 47
What are the prime factors of 881?
881
List the prime factors of 1112.
2, 139
What are the prime factors of 1185?
3, 5, 79
List the prime factors of 18317.
13, 1409
List the prime factors of 2058.
2, 3, 7
What are the prime factors of 50?
2, 5
What are the prime factors of 3016?
2, 13, 29
What are the prime factors of 233?
233
List the prime factors of 16022.
2, 8011
List the prime factors of 9664.
2, 151
List the prime factors of 864.
2, 3
What are the prime factors of 56291?
181, 311
List the prime factors of 6681.
3, 17, 131
List the prime factors of 3075.
3, 5, 41
List the prime factors of 2418.
2, 3, 13, 31
What are the prime factors of 19497?
3, 67, 97
What are the prime factors of 31868?
2, 31, 257
What are the prime factors of 14800?
2, 5, 37
List the prime factors of 2773.
47, 59
What are the prime factors of 3629?
19, 191
What are the prime factors of 1767?
3, 19, 31
What are the prime factors of 3041?
3041
What are the prime factors of 22813?
7, 3259
What are the prime factors of 3993?
3, 11
List the prime factors of 96073.
191, 503
List the prime factors of 23520.
2, 3, 5, 7
List the prime factors of 2987.
29, 103
What are the prime factors of 23963?
31, 773
What are the prime factors of 1337?
7, 191
What are the prime factors of 4020?
2, 3, 5, 67
List the prime factors of 2.
2
List the prime factors of 4673.
4673
List the prime factors of 1079.
13, 83
List the prime factors of 11035.
5, 2207
List the prime factors of 14613.
3, 4871
List the prime factors of 1174.
2, 587
List the prime factors of 3179.
11, 17
What are the prime factors of 3604?
2, 17, 53
List the prime factors of 3315.
3, 5, 13, 17
What are the prime factors of 709?
709
List the prime factors of 631.
631
List the prime factors of 49.
7
List the prime factors of 130363.
130363
List the prime factors of 64902.
2, 3, 29, 373
List the prime factors of 23386.
2, 11, 1063
List the prime factors of 1087.
1087
List the prime factors of 14234.
2, 11, 647
What are the prime factors of 399?
3, 7, 19
List the prime factors of 50147.
50147
What are the prime factors of 28889?
7, 4127
What are the prime factors of 84895?
5, 16979
List the prime factors of 24024.
2, 3, 7, 11, 13
List the prime factors of 2431.
11, 13, 17
What are the prime factors of 5900?
2, 5, 59
List the prime factors of 506.
2, 11, 23
List the prime factors of 8770.
2, 5, 877
What are the prime factors of 10172?
2, 2543
List the prime factors of 317.
317
What are the prime factors of 3304?
2, 7, 59
List the prime factors of 72666.
2, 3, 11, 367
List the prime factors of 3081.
3, 13, 79
What are the prime factors of 3066?
2, 3, 7, 73
What are the prime factors of 442?
2, 13, 17
What are the prime factors of 14849?
31, 479
What are the prime factors of 6784?
2, 53
What are the prime factors of 2464?
2, 7, 11
List the prime factors of 82464.
2, 3, 859
List the prime factors of 750.
2, 3, 5
What are the prime factors of 68020?
2, 5, 19, 179
What are the prime factors of 87643?
87643
What are the prime factors of 115290?
2, 3, 5, 7, 61
List the prime factors of 12604.
2, 23, 137
List the prime factors of 131747.
7, 11, 29, 59
What are the prime factors of 9367?
17, 19, 29
List the prime factors of 1553.
1553
List the prime factors of 2760.
2, 3, 5, 23
List the prime factors of 970.
2, 5, 97
List the prime factors of 28613.
13, 31, 71
List the prime factors of 5517.
3, 613
List the prime factors of 66612.
2, 3, 7, 13, 61
List the prime factors of 9277.
9277
List the prime factors of 4729.
4729
What are the prime factors of 2656?
2, 83
List the prime factors of 15709.
23, 683
What are the prime factors of 2973?
3, 991
List the prime factors of 1015.
5, 7, 29
List the prime factors of 9249.
3, 3083
What are the prime factors of 5308?
2, 1327
List the prime factors of 228.
2, 3, 19
List the prime factors of 3030.
2, 3, 5, 101
What are the prime factors of 881?
881
What are the prime factors of 22091?
22091
List the prime factors of 228.
2, 3, 19
List the prime factors of 1076.
2, 269
List the prime factors of 31562.
2, 43, 367
List the prime factors of 986.
2, 17, 29
List the prime factors of 32.
2
What are the prime factors of 21753?
3, 2417
What are the prime factors of 4?
2
What are the prime factors of 996?
2, 3, 83
List the prime factors of 149283.
3, 19, 97
What are the prime factors of 16?
2
List the prime factors of 2793.
3, 7, 19
What are the prime factors of 4183?
47, 89
What are the prime factors of 33476?
2, 8369
What are the prime factors of 6365?
5, 19, 67
What are the prime factors of 661?
661
List the prime factors of 92252.
2, 23063
List the prime factors of 1086.
2, 3, 181
What are the prime factors of 37790?
2, 5, 3779
What are the prime factors of 768?
2, 3
What are the prime factors of 1408?
2, 11
What are the prime factors of 8329?
8329
What are the prime factors of 1093?
1093
List the prime factors of 14168.
2, 7, 11, 23
What are the prime factors of 7821?
3, 11, 79
What are the prime factors of 6016?
2, 47
List the prime factors of 5255.
5, 1051
What are the prime factors of 2489?
19, 131
List the prime factors of 3238.
2, 1619
What are the prime factors of 1052?
2, 263
List the prime factors of 899.
29, 31
List the prime factors of 2571.
3, 857
List the prime factors of 78649.
78649
List the prime factors of 23671.
23671
What are the prime factors of 61171?
11, 67, 83
List the prime factors of 6994.
2, 13, 269
What are the prime factors of 119?
7, 17
List the prime factors of 3703.
7, 23
List the prime factors of 3325.
5, 7, 19
What are the prime factors of 1678?
2, 839
List the prime factors of 1185.
3, 5, 79
What are the prime factors of 12626?
2, 59, 107
List the prime factors of 24487.
47, 521
List the prime factors of 5075.
5, 7, 29
What are the prime factors of 12213?
3, 23, 59
What are the prime factors of 4566?
2, 3, 761
List the prime factors of 10709.
10709
What are the prime factors of 26946?
2, 3, 499
What are the prime factors of 6197?
6197
What are the prime factors of 421?
421
What are the prime factors of 7343?
7, 1049
What are the prime factors of 20094?
2, 3, 17, 197
List the prime factors of 46312.
2, 7, 827
What are the prime factors of 2202?
2, 3, 367
List the prime factors of 40591.
40591
List the prime factors of 129.
3, 43
List the prime factors of 47123.
47123
List the prime factors of 36513.
3, 4057
List the prime factors of 14578.
2, 37, 197
What are the prime factors of 4049?
4049
List the prime factors of 13882.
2, 11, 631
What are the prime factors of 5660?
2, 5, 283
List the prime factors of 141384.
2, 3, 43, 137
List the prime factors of 1837.
11, 167
What are the prime factors of 1093?
1093
List the prime factors of 4172.
2, 7, 149
What are the prime factors of 29365?
5, 7, 839
What are the prime factors of 1818?
2, 3, 101
List the prime factors of 7806.
2, 3, 1301
List the prime factors of 1994.
2, 997
List the prime factors of 13244.
2, 7, 11, 43
List the prime factors of 29163.
3, 9721
What are the prime factors of 985?
5, 197
List the prime factors of 7429.
17, 19, 23
List the prime factors of 33572.
2, 7, 11, 109
List the prime factors of 1636.
2, 409
List the prime factors of 2641.
19, 139
What are the prime factors of 2736?
2, 3, 19
What are the prime factors of 19009?
19009
List the prime factors of 82726.
2, 7, 19, 311
List the prime factors of 24825.
3, 5, 331
What are the prime factors of 1203?
3, 401
What are the prime factors of 108284?
2, 11, 23, 107
List the prime factors of 49421.
73, 677
List the prime factors of 3246.
2, 3, 541
List the prime factors of 52312.
2, 13, 503
List the prime factors of 75238.
2, 37619
List the prime factors of 1143.
3, 127
What are the prime factors of 99462?
2, 3, 11, 137
What are the prime factors of 392?
2, 7
List the prime factors of 891.
3, 11
What are the prime factors of 2374?
2, 1187
List the prime factors of 6744.
2, 3, 281
List the prime factors of 16840.
2, 5, 421
List the prime factors of 26466.
2, 3, 11, 401
List the prime factors of 1058.
2, 23
What are the prime factors of 170214?
2, 3, 11, 2579
What are the prime factors of 947?
947
List the prime factors of 535.
5, 107
What are the prime factor